what is -245c7b2 - 5?
-245c7b7
In base 12, what is -2144b1 + -48?
-214539
In base 9, what is 101623 + -2002?
88621
In base 15, what is -57d1 - 88?
-5869
In base 14, what is 26 - 272da3?
-272d7b
In base 6, what is 3435011 - -43?
3435054
In base 3, what is 1110022 + 11100120112?
11102000211
In base 8, what is 7433 - -1733?
11366
In base 3, what is 10 + 21112211011202?
21112211011212
In base 3, what is -1220200102 - 1022010?
-1221222112
In base 3, what is -2112 + -1112112002020?
-1112112011202
In base 11, what is -14894 - -1a?
-14875
In base 7, what is 63604355 - 216?
63604136
In base 15, what is -7205 + -228?
-742d
In base 16, what is -1d6c08 + -108?
-1d6d10
In base 6, what is -251205 + 54134?
-153031
In base 10, what is -28755954 - -4?
-28755950
In base 15, what is -4 + -1568ec?
-156901
In base 6, what is -4 - 1300004341?
-1300004345
In base 12, what is -31 - -2ba?
289
In base 3, what is -1021222020 - 1210010?
-1100202100
In base 3, what is 2112120020 + -20110?
2112022210
In base 4, what is -120111303 - -101202?
-120010101
In base 16, what is 1e4 + 1f3f?
2123
In base 14, what is -32d1a11 + 0?
-32d1a11
In base 2, what is 1011 - -11001010010110110001110?
11001010010110110011001
In base 16, what is -16a + -14995?
-14aff
In base 2, what is 11100011110000011010 + -11101010?
11100011101100110000
In base 7, what is 43 - 516016456?
-516016413
In base 7, what is 151450654 - -6?
151450663
In base 6, what is -5023415 + 222?
-5023153
In base 2, what is -110110111110 + -100011111011111?
-101010110011101
In base 15, what is 213 + 1b07d?
1b291
In base 13, what is 8b2 - 23479?
-22897
In base 14, what is -500 - -287?
-257
In base 3, what is -2111020001 + 20011?
-2110222220
In base 9, what is -84 - -32751?
32656
In base 16, what is 0 - -1f422f7?
1f422f7
In base 10, what is 47152 - -7398?
54550
In base 14, what is 281 - 955b?
-92ba
In base 14, what is -1a0a8a - 36?
-1a0ac2
In base 6, what is 3414 + -4240552?
-4233134
In base 11, what is -3 - 916993a?
-9169942
In base 4, what is -11210 - 310323113?
-311000323
In base 4, what is 1232133021 - 1?
1232133020
In base 6, what is -1540001323 - 2?
-1540001325
In base 9, what is 10406 - -16805?
27312
In base 7, what is -11 + -1621065016?
-1621065030
In base 8, what is 0 - -52227506?
52227506
In base 13, what is 14b111 - -53?
14b164
In base 9, what is 133047222 - -2?
133047224
In base 11, what is 212481 + -26?
212456
In base 5, what is 110 + 421040?
421200
In base 3, what is -1021210200212 - -12?
-1021210200200
In base 14, what is -5764 - -13a40?
c2ba
In base 8, what is -13 + -137721655?
-137721670
In base 16, what is 1c + f70cc8?
f70ce4
In base 3, what is -112 + -120220101102200?
-120220101110012
In base 6, what is -2523530 + -10215?
-2534145
In base 5, what is 241210144020 - -10?
241210144030
In base 9, what is -401810 + 324?
-401475
In base 5, what is 33 - 12430433420?
-12430433332
In base 8, what is -602035631 - -3?
-602035626
In base 6, what is -15004 + 345531?
330523
In base 13, what is 3c1 - b0719?
-b0328
In base 2, what is 1010101110 - -1110111100000?
10000010001110
In base 5, what is -20 + -220314344?
-220314414
In base 13, what is 3 + -17920c4?
-17920c1
In base 5, what is 2002 - -30141120?
30143122
In base 6, what is -501323544 - -3?
-501323541
In base 10, what is -17 - 808527?
-808544
In base 11, what is -1211 - 6975?
-8086
In base 11, what is 4 - -2a225598?
2a2255a1
In base 4, what is 3331 + -12110112?
-12100121
In base 9, what is 4 + -87661074?
-87661070
In base 12, what is 0 - 18b8288?
-18b8288
In base 7, what is 65 + 53335436?
53335534
In base 2, what is 11111011000111110100 + -1100000110?
11111010111011101110
In base 10, what is -740245 + -7?
-740252
In base 6, what is -403 - 5414404?
-5415211
In base 5, what is 1 - -34404203030?
34404203031
In base 15, what is -2 + -111c08?
-111c0a
In base 14, what is -7dc + a8d21?
a8523
In base 16, what is 92df853 - 1?
92df852
In base 4, what is 32133020110 + -3?
32133020101
In base 10, what is 3 + -13397800?
-13397797
In base 13, what is -3629403 + -17?
-362941a
In base 10, what is 12867263 + 6?
12867269
In base 9, what is 30 + -263850?
-263820
In base 10, what is -90 + 58959?
58869
In base 6, what is 4 - 13452243324?
-13452243320
In base 13, what is -1a5269b - 9?
-1a526a7
In base 10, what is 169 + 77394?
77563
In base 4, what is 22003 - -111113111?
111201120
In base 16, what is -3 - -b5be0?
b5bdd
In base 13, what is 938 - 2405?
-179a
In base 15, what is 18795 - 2ae?
184d6
In base 9, what is -44518 - 8130?
-53648
In base 9, what is 218 + 176482?
176711
In base 3, what is 22021100 + -1010?
22020020
In base 5, what is -124102320033 + -13?
-124102320101
In base 11, what is -4 - 552279a6?
-552279aa
In base 12, what is -4 - -701381?
701379
In base 5, what is 22444402 - 300?
22444102
In base 7, what is -66654 - -52242?
-14412
In base 6, what is -302215 - -521?
-301254
In base 4, what is -102000 + -33213202?
-33321202
In base 9, what is -1173677374 - -2?
-1173677372
In base 9, what is 708556246 - 0?
708556246
In base 2, what is 10000 - 1100000001110000101011101?
-1100000001110000101001101
In base 5, what is 21 - -224302203?
224302224
In base 5, what is -20304412032 - 12?
-20304412044
In base 5, what is 103312112114 + -10?
103312112104
In base 13, what is 25a - 14806?
-14579
In base 12, what is 236497 + 7b?
236556
In base 12, what is -317 + -545bab?
-546306
In base 6, what is -5 + 4252200143?
4252200134
In base 2, what is 0 + -1010011110101100000101010?
-1010011110101100000101010
In base 15, what is -243bb0 + -3?
-243bb3
In base 11, what is 8618a - -94?
86273
In base 15, what is -1c1c - -336?
-18d6
In base 9, what is -64422363 + 4?
-64422358
In base 6, what is -2404 - 215222?
-222030
In base 11, what is 90 - 34927?
-34847
In base 5, what is 2 + 132304142?
132304144
In base 6, what is -151 + 3202444?
3202253
In base 4, what is 2302011302220 + 11?
2302011302231
In base 11, what is -1237 - 3002?
-4239
In base 4, what is -10223 + -32132303120?
-32132320003
In base 5, what is 1122044 - -3201?
1130300
In base 14, what is -12b7164 + -2?
-12b7166
In base 8, what is -157325 - 763?
-160310
In base 13, what is -111 + -b08a9?
-b09ba
In base 2, what is 11001101111 + 100010101?
11110000100
In base 15, what is 7a69a - -2?
7a69c
In base 3, what is -2011001112102001 - 1?
-2011001112102002
In base 16, what is 4c5232 + 0?
4c5232
In base 8, what is -25464400 + 27?
-25464351
In base 7, what is -1 - -153640611?
153640610
In base 11, what is 4876 + 6468?
10233
In base 6, what is -5 - 234130421?
-234130430
In base 2, what is -1110111 + -10000100000111111111?
-10000100001001110110
In base 11, what is 6695649 - 8?
6695641
In base 7, what is -1120612 - -410?
-1120202
In base 3, what is -200212022 - -1112122021?
211202222
In base 8, what is -64 + -5477107?
-5477173
In base 8, what is 42317464 - -5?
42317471
In base 10, what is -24901 - 842?
-25743
In base 5, what is -122 - -4013120223?
4013120101
In base 4, what is 10132103 - -3213023?
20011132
In base 10, what is -105 - 23429?
-23534
In base 13, what is 1 + 1b14c918?
1b14c919
In base 15, what is e6451 - -5?
e6456
In base 11, what is 85583976 + 4?
8558397a
In base 13, what is -1846 + 2cc?
-1547
In base 7, what is -4425 - 46055?
-53513
In base 4, what is -10 + -10322111333?
-10322112003
In base 14, what is -2d7 - -1d4c7?
1d1d0
In base 15, what is d2cc7 + 40?
d2d17
In base 7, what is 5 + -11301013?
-11301005
In base 9, what is -734115404 - 0?
-734115404
In base 14, what is -709 - -21b9?
18b0
In base 13, what is 14a0bc4 - 3?
14a0bc1
In base 15, what is -252d12 + -69?
-252d7b
In base 8, what is 136 + -6630652?
-6630514
In base 9, what is -1136622 - -31?
-1136581
In base 12, what is -7823a - -49?
-781b1
In base 10, what is -1628442 - -23?
-1628419
In base 2, what is 11000 - 10010011010110001?
-10010011010011001
In base 14, what is ccd5 + -312d?
9ba6
In base 7, what is -246520313 - 5?
-246520321
In base 12, what is 29024015 - -3?
29024018
In base 5, what is -441134230 - -4?
-441134221
In base 6, what is -34023453 + 314?
-34023135
In base 11, what is 2 + -930209?
-930207
In base 14, what is -b - -d42c5?
d42b8
In base 13, what is 79 - -34868?
34914
In base 8, what is 2127 - -2272771?
2275120
In base 4, what is 23121 - -2302220?
2332001
In base 10, what is -5 +